er when 1437528 is divided by 2522?
2510
What is the remainder when 231443 is divided by 4055?
308
What is the remainder when 2916089 is divided by 277?
110
What is the remainder when 645060 is divided by 14648?
548
What is the remainder when 15354276 is divided by 17?
12
What is the remainder when 2301003 is divided by 6444?
495
What is the remainder when 4949875 is divided by 308?
7
Calculate the remainder when 253005 is divided by 87.
9
What is the remainder when 904924 is divided by 301576?
196
What is the remainder when 40341284 is divided by 2373015?
29
What is the remainder when 2145246 is divided by 76613?
82
Calculate the remainder when 1326638 is divided by 176.
126
Calculate the remainder when 213894 is divided by 1280.
134
What is the remainder when 69782481 is divided by 9968921?
34
What is the remainder when 371525 is divided by 18575?
25
Calculate the remainder when 784357 is divided by 766.
739
What is the remainder when 5123850 is divided by 853968?
42
Calculate the remainder when 860420045 is divided by 50.
45
Calculate the remainder when 5266513 is divided by 46.
19
Calculate the remainder when 503971 is divided by 18.
7
What is the remainder when 80076 is divided by 15261?
3771
What is the remainder when 17844692 is divided by 23761?
181
What is the remainder when 586421 is divided by 2497?
2123
What is the remainder when 176839775 is divided by 68?
63
What is the remainder when 341038 is divided by 2664?
46
Calculate the remainder when 1507666 is divided by 62.
12
Calculate the remainder when 22395693 is divided by 3293.
0
What is the remainder when 1263815 is divided by 1066?
605
What is the remainder when 45023883 is divided by 174?
165
Calculate the remainder when 166402 is divided by 1005.
577
What is the remainder when 603759 is divided by 2721?
2418
What is the remainder when 12572898 is divided by 322382?
0
Calculate the remainder when 3680134 is divided by 3759.
73
What is the remainder when 38082616 is divided by 102?
100
What is the remainder when 453173 is divided by 453130?
43
Calculate the remainder when 3235772 is divided by 15263.
16
Calculate the remainder when 127456821 is divided by 1165.
1161
What is the remainder when 136880 is divided by 132484?
4396
Calculate the remainder when 188116 is divided by 2045.
2021
What is the remainder when 1818449 is divided by 5435?
3159
Calculate the remainder when 9627509 is divided by 113.
22
What is the remainder when 24062407 is divided by 47?
5
What is the remainder when 97045415 is divided by 2563?
2546
What is the remainder when 603348 is divided by 30?
18
What is the remainder when 98749 is divided by 3405?
4
What is the remainder when 2589798 is divided by 161861?
22
Calculate the remainder when 139519 is divided by 2146.
29
What is the remainder when 1082919 is divided by 10627?
9592
Calculate the remainder when 119377 is divided by 9186.
9145
Calculate the remainder when 453896 is divided by 19729.
129
Calculate the remainder when 71669574 is divided by 2664.
2646
What is the remainder when 26546299 is divided by 105?
94
Calculate the remainder when 57879876 is divided by 2199.
2196
What is the remainder when 155891 is divided by 5567?
15
What is the remainder when 27407 is divided by 5382?
497
Calculate the remainder when 6292858 is divided by 428.
402
Calculate the remainder when 104279 is divided by 5487.
26
What is the remainder when 78831 is divided by 39261?
309
Calculate the remainder when 12355419 is divided by 16.
11
What is the remainder when 3933665 is divided by 1320?
65
What is the remainder when 8166021 is divided by 277?
61
What is the remainder when 18779897 is divided by 2461?
6
What is the remainder when 4754879 is divided by 299?
181
What is the remainder when 1393463 is divided by 6481?
48
What is the remainder when 1137845 is divided by 751?
80
Calculate the remainder when 273379 is divided by 136632.
115
What is the remainder when 10531162 is divided by 2381?
2380
What is the remainder when 248300 is divided by 123119?
2062
Calculate the remainder when 5127788 is divided by 870.
8
Calculate the remainder when 4374575 is divided by 153.
152
What is the remainder when 36294212 is divided by 73?
72
What is the remainder when 3411745 is divided by 30462?
1
What is the remainder when 151409 is divided by 1415?
4
Calculate the remainder when 344663 is divided by 2743.
1788
Calculate the remainder when 2916315 is divided by 40503.
99
What is the remainder when 131585 is divided by 1664?
129
Calculate the remainder when 12580523 is divided by 1258048.
43
What is the remainder when 77170108 is divided by 2859?
2839
Calculate the remainder when 1801006 is divided by 232.
222
What is the remainder when 17850 is divided by 6606?
4638
Calculate the remainder when 429957 is divided by 169.
21
What is the remainder when 16046530 is divided by 8?
2
What is the remainder when 676536 is divided by 676531?
5
Calculate the remainder when 133174 is divided by 12.
10
Calculate the remainder when 56903368 is divided by 2149.
2146
Calculate the remainder when 421116 is divided by 1395.
1221
What is the remainder when 16088692 is divided by 28?
4
What is the remainder when 153553388 is divided by 51184456?
20
What is the remainder when 11112401 is divided by 243?
11
What is the remainder when 574176 is divided by 4?
0
Calculate the remainder when 1015159 is divided by 1235.
1224
What is the remainder when 406720 is divided by 7020?
6580
What is the remainder when 99351 is divided by 462?
21
Calculate the remainder when 100376 is divided by 16692.
224
What is the remainder when 212699 is divided by 2798?
51
What is the remainder when 9359631 is divided by 168?
15
What is the remainder when 152341 is divided by 11528?
2477
What is the remainder when 304330713 is divided by 53?
49
Calculate the remainder when 255504 is divided by 36470.
214
Calculate the remainder when 232808 is divided by 77247.
1067
Calculate the remainder when 412211 is divided by 10042.
489
What is the remainder when 337698993 is divided by 439?
438
Calculate the remainder when 20024281 is divided by 2528.
2521
Calculate the remainder when 34087303 is divided by 3933.
3925
Calculate the remainder when 65116924 is divided by 109.
106
What is the remainder when 2930198 is divided by 758?
528
What is the remainder when 594605 is divided by 919?
12
What is the remainder when 5057219 is divided by 64836?
11
Calculate the remainder when 291458 is divided by 145591.
276
Calculate the remainder when 887759 is divided by 3148.
23
Calculate the remainder when 3926332 is divided by 981578.
20
Calculate the remainder when 179776 is divided by 622.
18
Calculate the remainder when 960602 is divided by 1166.
984
Calculate the remainder when 166710 is divided by 51.
42
Calculate the remainder when 169804 is divided by 8934.
58
What is the remainder when 121536 is divided by 118297?
3239
Calculate the remainder when 13996 is divided by 4581.
253
Calculate the remainder when 115691399 is divided by 112.
103
What is the remainder when 56243352 is divided by 173?
14
Calculate the remainder when 8925 is divided by 1161.
798
Calculate the remainder when 1682925 is divided by 104.
101
Calculate the remainder when 12776837 is divided by 18.
5
Calculate the remainder when 396544 is divided by 39652.
24
What is the remainder when 409789543 is divided by 1970?
1963
Calculate the remainder when 163647038 is divided by 59747.
5
What is the remainder when 1118725 is divided by 13318?
13
What is the remainder when 11929477 is divided by 1650?
1627
Calculate the remainder when 1648783 is divided by 824323.
137
Calculate the remainder when 20936226 is divided by 268413.
12
What is the remainder when 3084298 is divided by 300?
298
What is the remainder when 1017865 is divided by 1925?
1465
Calculate the remainder when 107764 is divided by 1140.
604
What is the remainder when 13835964 is divided by 143?
142
What is the remainder when 69244921 is divided by 8655615?
1
Calculate the remainder when 82495 is divided by 27486.
37
What is the remainder when 328788 is divided by 1482?
1266
What is the remainder when 22542291 is divided by 7514061?
108
Calculate the remainder when 16961316 is divided by 1275.
1266
What is the remai